lculate the highest common divisor of 5544 and 4397976.
792
Calculate the greatest common factor of 19562920 and 10608.
1768
Calculate the greatest common divisor of 32648 and 56936.
88
Calculate the highest common factor of 252461339 and 221.
221
Calculate the greatest common factor of 88777542 and 16254.
1806
Calculate the greatest common factor of 7493119 and 72495.
179
What is the greatest common factor of 195 and 160935?
15
Calculate the highest common factor of 3034387 and 1626.
271
Calculate the greatest common divisor of 2672 and 1081492.
668
What is the greatest common divisor of 377 and 8428173?
13
What is the highest common factor of 2184105 and 23555?
35
What is the highest common divisor of 21157892 and 1204?
1204
Calculate the highest common divisor of 7325 and 9777410.
1465
What is the greatest common divisor of 1386 and 16984198?
154
What is the highest common divisor of 41679 and 57537228?
1263
Calculate the highest common factor of 152 and 1389793.
19
What is the greatest common divisor of 68 and 11074514?
34
What is the greatest common divisor of 695 and 42910551?
139
What is the highest common factor of 3090 and 61900940?
1030
What is the highest common divisor of 74002 and 755016?
326
What is the highest common divisor of 291 and 1283601?
291
Calculate the greatest common divisor of 60137836 and 66.
22
Calculate the greatest common divisor of 1023111026 and 28.
14
Calculate the highest common divisor of 482826 and 174.
6
Calculate the highest common divisor of 128 and 54042448.
16
Calculate the highest common factor of 15 and 14197.
1
Calculate the greatest common divisor of 8 and 7303292.
4
What is the highest common divisor of 237 and 7235?
1
What is the highest common divisor of 13390 and 11057462?
2678
What is the greatest common divisor of 80019 and 39389?
17
Calculate the greatest common factor of 352524 and 456.
12
What is the greatest common divisor of 8468 and 510197?
2117
Calculate the greatest common factor of 13245850 and 292.
146
What is the greatest common divisor of 729238893 and 8031?
8031
What is the highest common factor of 9748845 and 3?
3
Calculate the highest common factor of 1080 and 95210.
10
What is the greatest common divisor of 7063 and 58177?
7
What is the highest common factor of 8866 and 595014?
62
What is the greatest common divisor of 22952 and 2432257868?
11476
Calculate the greatest common factor of 20670 and 14370.
30
Calculate the highest common factor of 19084 and 14378.
26
Calculate the greatest common factor of 4674202 and 13151379.
13829
What is the highest common factor of 1738 and 2923474?
158
What is the greatest common factor of 302 and 7361703?
151
What is the greatest common factor of 65 and 176969?
13
Calculate the highest common factor of 278 and 37605338.
278
Calculate the highest common divisor of 123691620 and 60.
60
Calculate the highest common factor of 1338957 and 8787.
303
What is the highest common divisor of 5073 and 17247003?
57
Calculate the highest common divisor of 44074984 and 57.
19
Calculate the highest common divisor of 136 and 106256.
8
What is the greatest common factor of 149760 and 11860?
20
What is the highest common factor of 30070745 and 8560?
535
What is the greatest common factor of 594 and 593934?
66
What is the highest common divisor of 320280792 and 12?
12
Calculate the greatest common factor of 4903092 and 526383.
3681
Calculate the greatest common divisor of 22 and 228707842.
22
Calculate the highest common divisor of 3222602 and 16.
2
Calculate the greatest common factor of 25147227 and 246.
123
What is the highest common factor of 2744 and 42276122?
686
Calculate the greatest common divisor of 8273495 and 6365.
335
What is the greatest common divisor of 6 and 8876181?
3
What is the greatest common divisor of 43360 and 6503200?
160
What is the greatest common divisor of 42 and 35650198?
2
Calculate the greatest common divisor of 264 and 1435137.
33
What is the greatest common factor of 2172072 and 24360?
168
What is the greatest common divisor of 334150 and 825?
25
What is the greatest common factor of 3564696 and 11832?
408
What is the highest common factor of 2123489 and 373?
373
Calculate the greatest common divisor of 194 and 153818914.
194
What is the highest common divisor of 53396 and 1680?
28
Calculate the highest common divisor of 27745 and 44609.
31
Calculate the highest common factor of 273692 and 160696.
212
Calculate the highest common divisor of 1659 and 502117917.
1659
Calculate the highest common divisor of 582369 and 3468.
51
What is the greatest common factor of 23761797 and 77811?
2103
What is the highest common factor of 4077612 and 5040?
252
What is the greatest common factor of 175 and 1019733575?
175
Calculate the greatest common divisor of 688960 and 18320.
80
Calculate the greatest common factor of 64616 and 348746.
82
Calculate the greatest common factor of 42979153 and 358.
179
Calculate the greatest common divisor of 178180 and 19821770.
1510
What is the greatest common divisor of 228520 and 60085?
985
What is the highest common divisor of 15 and 45086415?
15
Calculate the greatest common divisor of 788018 and 33737.
11
What is the greatest common factor of 10461 and 400513333?
3487
Calculate the greatest common factor of 50925368 and 3180.
212
Calculate the highest common divisor of 6549480 and 162.
18
What is the greatest common factor of 368721 and 1535951?
773
Calculate the highest common factor of 501450 and 26575.
25
What is the greatest common divisor of 8346 and 55843728?
642
Calculate the highest common divisor of 121228784 and 11568.
3856
Calculate the highest common factor of 1828 and 230710966.
914
What is the highest common divisor of 24522092 and 476?
476
Calculate the greatest common divisor of 1196879892 and 78.
78
Calculate the highest common factor of 1818 and 25623498.
606
Calculate the greatest common divisor of 274 and 25878752.
274
Calculate the greatest common factor of 3175685 and 510.
85
Calculate the greatest common factor of 3652169 and 2.
1
What is the greatest common factor of 898449 and 8526?
87
What is the greatest common divisor of 1701115390 and 155?
155
Calculate the highest common divisor of 168 and 314322246.
42
Calculate the highest common factor of 7976427 and 39.
3
Calculate the greatest common factor of 4239297 and 125370.
1791
Calculate the highest common factor of 8 and 4853450.
2
Calculate the greatest common factor of 34151584 and 496.
496
Calculate the greatest common divisor of 830408 and 1848.
8
Calculate the greatest common factor of 8625 and 22157510.
115
What is the highest common divisor of 7398832 and 562464?
3472
What is the greatest common factor of 17828438 and 2476?
1238
What is the greatest common divisor of 135 and 15415?
5
Calculate the greatest common factor of 3634895 and 110.
55
What is the highest common divisor of 345391 and 178582164?
15017
Calculate the greatest common factor of 5493792 and 82592.
2848
Calculate the highest common factor of 256624 and 100448.
688
What is the highest common factor of 242421 and 1012214?
4253
Calculate the greatest common factor of 74280 and 2830.
10
What is the greatest common factor of 6932347 and 159?
53
What is the greatest common factor of 86325543 and 18?
9
Calculate the highest common divisor of 84896929 and 51.
17
What is the greatest common factor of 302679 and 7943?
169
What is the highest common divisor of 6635999 and 417?
139
Calculate the greatest common factor of 3238806 and 306.
102
What is the highest common divisor of 1033526936 and 4056?
1352
What is the highest common factor of 3231207 and 51?
51
Calculate the greatest common divisor of 275632453 and 746.
373
Calculate the highest common factor of 4800532 and 1804.
44
What is the highest common factor of 605136672 and 819?
63
Calculate the greatest common factor of 9933 and 29338771.
3311
What is the highest common factor of 4860558 and 2169?
9
Calculate the highest common divisor of 119864 and 44.
4
What is the highest common factor of 5622074 and 322?
46
What is the greatest common divisor of 362335814 and 13174?
1882
Calculate the greatest common factor of 36630614 and 374.
34
What is the highest common factor of 7454 and 657334717?
3727
Calcula